{"id":128,"date":"2017-06-22T23:01:29","date_gmt":"2017-06-22T21:01:29","guid":{"rendered":"http:\/\/www.toulousenordfc.com\/?page_id=128"},"modified":"2026-03-30T20:29:12","modified_gmt":"2026-03-30T18:29:12","slug":"contact","status":"publish","type":"page","link":"https:\/\/www.toulousenordfc.com\/index.php\/contact\/","title":{"rendered":"D\u00e9tection saison 2026-2027 &#8230; des U6 jusqu&rsquo;aux futurs U14 !"},"content":{"rendered":"<p>Le club du <strong>TOULOUSE NORD FOOTBALL CLUB<\/strong> lance ses d\u00e9tections pour la <strong>future saison 2026-2027<\/strong>, notamment pour son \u00e9cole de foot (des plus petits U6 jusqu&rsquo;\u00e0 U13, c&rsquo;est-\u00e0-dire les futurs U14).<\/p>\n<p>Les places sont limit\u00e9es et sp\u00e9cifiques pour chaque cat\u00e9gorie. L&rsquo;objectif est de compl\u00e9ter les \u00e9quipes compos\u00e9es majoritairement de nos jeunes form\u00e9s au stade Cazal depuis les U6.<\/p>\n<p>Si vous souhaitez faire participer votre enfant, merci de remplir le formulaire suivant. Nous vous contacterons pour vous donner les dates correspondantes \u00e0 vos demandes.<\/p>\n<p style=\"text-align: left;\">Lien vers le <a href=\"https:\/\/link.infini.fr\/tnfc-detection-saison-2026-2027\">FORMULAIRE<\/a> en ligne : <a href=\"https:\/\/link.infini.fr\/tnfc-detection-saison-2026-2027\">tnfc-detection-saison-2026-2027<\/a><\/p>\n<p style=\"text-align: center;\"><a href=\"https:\/\/www.toulousenordfc.com\">www.toulousenordfc.com<\/a> | <a href=\"https:\/\/www.facebook.com\/toulousenordfc\">www.facebook.com\/toulousenordfc<\/a> | <a href=\"http:\/\/www.instagram.com\/toulousenordfc\">www.instagram.com\/toulousenordfc<\/a><\/p>\n<p style=\"text-align: center;\">TOULOUSE NORD FC &#8211; <a href=\"https:\/\/www.toulousenordfc.com\/index.php\/infrastructures\/\">stade Cazal Lapujade<\/a> &#8211; 20 rue d&rsquo;Avranches &#8211; 31200 Toulouse<\/p>\n<div><img loading=\"lazy\" class=\"alignnone size-large wp-image-6139 aligncenter\" src=\"https:\/\/www.toulousenordfc.com\/wp-content\/uploads\/2026\/03\/TNFC_DETECTION_2026_2027_grande-1024x654.png\" alt=\"\" width=\"640\" height=\"409\" srcset=\"https:\/\/www.toulousenordfc.com\/wp-content\/uploads\/2026\/03\/TNFC_DETECTION_2026_2027_grande-1024x654.png 1024w, https:\/\/www.toulousenordfc.com\/wp-content\/uploads\/2026\/03\/TNFC_DETECTION_2026_2027_grande-300x192.png 300w, https:\/\/www.toulousenordfc.com\/wp-content\/uploads\/2026\/03\/TNFC_DETECTION_2026_2027_grande-768x490.png 768w, https:\/\/www.toulousenordfc.com\/wp-content\/uploads\/2026\/03\/TNFC_DETECTION_2026_2027_grande-128x82.png 128w, https:\/\/www.toulousenordfc.com\/wp-content\/uploads\/2026\/03\/TNFC_DETECTION_2026_2027_grande-32x20.png 32w, https:\/\/www.toulousenordfc.com\/wp-content\/uploads\/2026\/03\/TNFC_DETECTION_2026_2027_grande.png 1065w\" sizes=\"(max-width: 640px) 100vw, 640px\" \/><\/div>\n","protected":false},"excerpt":{"rendered":"<p>Le club du TOULOUSE NORD FOOTBALL CLUB lance ses d\u00e9tections pour la future saison [&hellip;]<\/p>\n","protected":false},"author":1,"featured_media":0,"parent":0,"menu_order":0,"comment_status":"closed","ping_status":"closed","template":"","meta":[],"_links":{"self":[{"href":"https:\/\/www.toulousenordfc.com\/index.php\/wp-json\/wp\/v2\/pages\/128"}],"collection":[{"href":"https:\/\/www.toulousenordfc.com\/index.php\/wp-json\/wp\/v2\/pages"}],"about":[{"href":"https:\/\/www.toulousenordfc.com\/index.php\/wp-json\/wp\/v2\/types\/page"}],"author":[{"embeddable":true,"href":"https:\/\/www.toulousenordfc.com\/index.php\/wp-json\/wp\/v2\/users\/1"}],"replies":[{"embeddable":true,"href":"https:\/\/www.toulousenordfc.com\/index.php\/wp-json\/wp\/v2\/comments?post=128"}],"version-history":[{"count":88,"href":"https:\/\/www.toulousenordfc.com\/index.php\/wp-json\/wp\/v2\/pages\/128\/revisions"}],"predecessor-version":[{"id":6140,"href":"https:\/\/www.toulousenordfc.com\/index.php\/wp-json\/wp\/v2\/pages\/128\/revisions\/6140"}],"wp:attachment":[{"href":"https:\/\/www.toulousenordfc.com\/index.php\/wp-json\/wp\/v2\/media?parent=128"}],"curies":[{"name":"wp","href":"https:\/\/api.w.org\/{rel}","templated":true}]}}